mber?
True
Suppose 0 = -9*w + 7*w + 6. Suppose -w*i = -8*i + 4245. Suppose -4*k + 475 + i = 0. Is k a composite number?
False
Suppose 23353894 = 74*s + 83*s - 26*s. Is s prime?
False
Let p = -115 - -117. Suppose g - 3*g + 7758 = -s, 0 = -p*s - 8. Is g a composite number?
False
Let k(q) = -q**3 - 4*q**2 + 9*q + 14. Let u be k(-6). Suppose -14*h + 6*h + u = 0. Suppose h*j - 910 = 1454. Is j a composite number?
True
Let v be -3 + 29260 + (-13 - -6 - -1). Suppose v + 150875 = 18*l. Is l composite?
False
Suppose 0 = -376*r + 4428634 + 1586990. Is r composite?
True
Let h be (-20)/(-15)*6/1. Let i be (-14 + 3 + 3)/(h/(-244)). Let b = i - 167. Is b a composite number?
True
Is (0 + 1)/(((-38)/747251)/(-2)) a composite number?
True
Is (-1768)/1547 - (205801/(-7) + 0) prime?
True
Suppose -3*h + 241710 = -3*z, 0 = -3*h + 2*z - 84078 + 325784. Is h a prime number?
False
Let o(n) = n**2 + 8*n + 8. Let d be o(-7). Suppose -5*r + 16 = d. Is 2/r - ((-482)/6 - -2) a composite number?
False
Is 1258843 - (-18)/(22/(-4) + 4) a composite number?
True
Suppose -41 = -p - 33. Suppose 5976 = p*l - 3136. Is l composite?
True
Let t(l) = -8*l - 157. Let m be t(-24). Suppose 0 = 13*w + m*w - 338928. Is w a prime number?
False
Suppose -16*q - 728220 + 3499052 = 0. Is q composite?
False
Let j = -777 + 889. Suppose j*k - 1296692 = 44*k. Is k prime?
True
Let g = -41722 + 63868. Is (4/(-6))/((-4)/g) composite?
False
Let q(v) = -1964*v**3 - 22*v**2 + v + 78. Is q(-5) a prime number?
True
Let g(x) = -4*x**3 + 4*x**2 - 18*x - 7. Let z be g(-12). Let r = z + 204. Is r composite?
False
Let y(s) = 2212*s**3 - s**2 - 7*s - 43. Is y(4) composite?
False
Suppose 4*j = -2*z + 312, -2*z - z + 4*j = -508. Suppose 276*s + 78 = 289*s. Suppose -s*p = -1342 - z. Is p a composite number?
False
Let a(q) = 1 - 4*q - 3*q + 5*q + 397*q**3 - 8*q**3 + q**2. Suppose -5 = -k - 4. Is a(k) prime?
True
Suppose 0 = 4*i + r - 300218, 358*i + 4*r = 361*i - 225135. Is i prime?
False
Let n(h) = 5*h**3 + 25*h**2 + 63*h - 57. Is n(16) a prime number?
False
Suppose -2*d = -p + 209127, -2*p + 0*p = 5*d - 418272. Is p a composite number?
True
Let u = -34 - -32. Let h be 1 - (u/(-14) + (-40)/35). Suppose -108 = -h*l + 3*o + 32, 0 = -5*l - 5*o + 325. Is l a prime number?
True
Let o = 250783 + -161388. Suppose o = 16*f - 2685. Is f composite?
True
Is 1/(-4) - 19447*(0 + 18/(-24)) composite?
True
Suppose 6*l - 4*l - 5*o = 769178, -3*l + 1153801 = o. Is l composite?
False
Let m(f) = -8*f**3 - f**2 + 23*f + 41. Let h be m(-2). Is 110/h - -27953*1 a prime number?
False
Is ((12/(-8))/((-2)/(-4)))/(-9)*1602687 prime?
True
Suppose -821*m + 31991204 = -793*m. Is m prime?
False
Suppose 0 = -21*g + 25*g - 4. Suppose 2*k - 5*b - 28 = -2*k, 2*k + 8 = -3*b. Is (g/k)/(6/33684) composite?
True
Let w(t) be the second derivative of -t**3 - t**2 + 11*t. Let b be w(-1). Is (60 - -3)*b/12 a composite number?
True
Is (4/16)/((-3190623)/398828 - -8) a prime number?
True
Let p = -321 - -330. Suppose 10*k = v + p*k - 6547, -v + 6547 = 2*k. Is v a prime number?
True
Let d(b) = 21*b**2 - 7. Let m(n) = -n**3 - 7*n**2 - 15*n - 13. Let y be m(-7). Let l = 84 - y. Is d(l) composite?
True
Let g(c) = -3198*c**2 - 2*c - 4. Let o be g(-1). Is -4 - (-5 + o - 8) a prime number?
True
Let j(k) = -1155*k**3 - 6*k**2 + 8*k - 1. Let t be j(2). Let c = -6230 - t. Is c prime?
True
Suppose o - 16812 = -3*y + 20837, 0 = -3*o - 2*y + 112989. Is o a prime number?
False
Let n be -4 - (18/8 + (-21)/84). Is -3*(43714/n)/11 a prime number?
True
Let m(h) = 1427*h + 56. Is m(13) composite?
True
Is (-40)/24*(-1235196)/60 prime?
False
Let g(q) = -q**3 - 6*q**2 - 8*q - 30. Let k be g(-5). Is 11/55 + (-36552)/k prime?
True
Let a be 2*((3 - -3) + -4). Suppose 7*d + 12544 = 11*d - a*i, -2 = -2*i. Is d a composite number?
False
Suppose 60 = 3*m - 0*m. Suppose m*k = 25*k - 10. Suppose -o = -k*o + 4*z + 1353, -3*z = -o + 1355. Is o a composite number?
False
Suppose 3*t - 902256 = -32*o + 38*o, 4*o = -t + 300770. Is t composite?
True
Let r(x) = -6*x - 27. Let b be r(-5). Suppose h = -3*h - 2*l + 20, b*l = -3*h + 15. Suppose 2*i - 1 = i, 0 = h*o - 2*i - 1533. Is o composite?
False
Suppose 3*k + 4 = 4*r + 16, 3*k + 3 = -r. Let p = 37 + r. Is p a prime number?
False
Let g(i) be the first derivative of -2*i**3/3 + 3*i**2 - 5*i - 11. Let q be g(3). Is (2 - (-12)/(-5)) + (-1687)/q prime?
True
Suppose 80 = 12*j - 20*j. Is -3 + (-265944)/(-10) + 4/j a composite number?
False
Let u(z) = z - 4. Let n be u(6). Let c be ((-7 - -4) + 8939)/n. Suppose 12*s - 8*s - c = 0. Is s composite?
False
Let t(n) be the third derivative of n**5/60 - 3*n**4/8 - 13*n**3/3 + 6*n**2. Let j be t(11). Is (2 + -3)/(0 - j/(-11276)) a composite number?
False
Let t = 33389 - 22970. Suppose -4*d + t = p, 6*p = 10*p - d - 41642. Is p a composite number?
True
Let b = 66560 - 23467. Is b a prime number?
True
Suppose -11*d = -3438629 - 3596178 - 3195182. Is d prime?
False
Let g(h) = h + 2. Let l be g(-2). Let c be 1 - (-1830 - (l - 0)). Let j = -213 + c. Is j prime?
False
Let r = 228736 - 56259. Is r composite?
True
Let l = -5 + 7. Suppose 0 = -q + h - 5, l*h - 40 = 5*q. Let r(c) = 7*c**2 + 6*c + 9. Is r(q) composite?
True
Let g = -85 - -87. Suppose 2*p - 97 = -m - g*m, 3*p = 5*m + 174. Is p prime?
True
Suppose 0 = -40*n + 35*n - 15. Let o be ((-5)/n - -1)*(-231)/28. Let d(b) = -13*b - 21. Is d(o) a composite number?
True
Let r(j) = 339*j**3 - 4*j**2 + 13*j - 59. Is r(5) composite?
False
Suppose 5*q - b - 16 = 0, -5*q + 5 = -2*q + 4*b. Suppose 0 = 5*l - 0*n + 4*n + 58, 0 = -2*l + q*n - 37. Let z = 39 - l. Is z composite?
False
Let y(b) = 10422*b**2 + 276*b - 1631. Is y(6) composite?
True
Let h(u) = 2*u + 21. Suppose 0 = 4*j - 3*a - a - 12, 3*j + 4*a = 2. Suppose 0 = c + j*c. Is h(c) composite?
True
Suppose -6*m + 22 = -3*h - 5*m, 2 = -m. Let a(b) = -191*b + 165. Is a(h) composite?
False
Let v(k) be the third derivative of 4*k**2 + 0 - 1/120*k**6 + 2*k**3 + 5/24*k**4 + 1/20*k**5 + 0*k. Is v(-11) a composite number?
True
Let t = -97713 - -137810. Is t composite?
True
Let u(k) = -452*k**3 - 3*k**2 + 8*k + 34. Is u(-3) composite?
True
Let k(c) be the second derivative of 17*c - 9/2*c**2 - 1/4*c**4 + 1/6*c**3 + 0 + 3/10*c**5. Is k(4) a prime number?
True
Suppose -15*n + 322 = -29*n. Let u(a) = a**3 + 25*a**2 - 18*a - 73. Is u(n) a composite number?
False
Suppose 6 + 71 = 7*r. Suppose 436 = r*n - 2457. Is n a composite number?
False
Let c(u) = 1413*u - 1139. Is c(32) a composite number?
True
Let i be ((-4)/(-1))/((-10)/(-4175)). Let h = -831 + i. Is h composite?
False
Suppose 5*d = -626016 + 5272711. Is d composite?
True
Is (536/40 - 14)*5891390/(-6) composite?
False
Let w be 15982/(-244) - -1*1/2. Is -32 + 34 - 9*w a composite number?
False
Let k be (24/9)/(4/6). Let y(h) be the first derivative of 7*h**3 - h**2 - 11*h + 8. Is y(k) composite?
False
Let q = 111 + -108. Is (10 - q) + -6 + 2 + 3790 composite?
False
Let i(r) = -259*r - 62. Is i(-27) prime?
False
Let g = 6305 - 4192. Let t = -714 + g. Is t prime?
True
Suppose 5*j + 4*m - 28 = 0, -2*j + m + 6 + 0 = 0. Suppose -7*p + 231 = -j*p. Let o = 300 - p. Is o composite?
False
Suppose n = -4*n + 25. Suppose -2*w = -o + 63, -n*w + o - 156 = -2*o. Is 5/5 - w*4 composite?
True
Suppose 152*c - 430833 = 139*c. Is c composite?
True
Let c(b) = b**2 - 11*b + 4. Let y be c(4). Is 163752/y*(2 + -3) a composite number?
False
Let a(m) = -4207*m - 4269. Is a(-170) prime?
False
Is (4/(-14))/(48/(-29650152)) a composite number?
False
Is 129464/28*(-203)/(-58) a prime number?
True
Let h(l) be the third derivative of l**6/360 - l**5/24 - 7*l**4/24 - 2*l**3/3 - 14*l**2. Let x(v) be the first derivative of h(v). Is x(-8) a composite number?
False
Let s(g) = g**2 + 8*g - 131. Let d be s(-28). Let z = d + -192. Is z prime?
False
Let t = -332 + 207. Is t/50 - (1 + (-46815)/6) a prime number?
False
Let i(g) = -17*g**2 + 4*g + 62. Let l be i(17). Let r = 9822 + l. Is r a composite number?
False
Suppose -10 = d - 18. Suppose 14 - 50 = -5*m + 4*u, m - d = u. Suppose 3*k = 2*r + 118, 133 = m*k + 3*r - 13. Is k a prime number?
False
Let x(v) = -v**2 + 14*v - 24. Let f be x(10). Let z(k) = 6*k**2 - k**2 + 1 + 0*k**2 - 11*k + f. Is z(15) a prime number?
True
Let t = -2 + 4. Suppose -2*y - s - 878096 